reatest common factor of s and 10.
10
Let i(r) = 28*r**2 + 20*r + 20. Let h be i(-1). Calculate the highest common factor of 1036 and h.
28
Suppose -2*k + 6*k = -5*k. Suppose 35*r - 37*r + 196 = k. What is the highest common divisor of 28 and r?
14
Let t(b) = -b**3 + 5*b**2 + 9*b - 9. Let r be t(6). Let h = r - 3. Let w be (-1 - -2) + -1 + (5 - -1). What is the highest common factor of h and w?
6
Suppose -5*d = -0*d - 125. Suppose 0 = 29*o - 557 - 168. What is the highest common divisor of d and o?
25
Suppose l + 14 = 4*h + 3*l, -h = 3*l - 1. Let v be 4*(686/28 + 2/h). Suppose g - 25 = -0*g. Calculate the highest common factor of g and v.
25
Let q = 40 + 56. What is the highest common divisor of 72 and q?
24
Suppose p - 4*p + 61 = -4*u, -37 = -3*p - 2*u. Suppose 14*k = p*k - 24. Calculate the highest common factor of k and 120.
24
Suppose -70 = -3*u + s + 28, 2*u + s = 62. Calculate the greatest common factor of u and 176.
16
Let f(r) = r**2 + 4*r - 32. Let j be f(9). Let y = -20 + 2. Let o = y - -35. What is the greatest common factor of o and j?
17
Suppose 344*a = 338*a + 126. Calculate the greatest common factor of 567 and a.
21
Let n be (-9132)/(-9) - (-5)/15. What is the highest common factor of 5 and n?
5
Let i(f) = 13*f**2 + 11*f + 54. Let n be i(-6). Calculate the highest common factor of 19 and n.
19
Let a be 234 - 0*(-2)/(-6). Let d be 780/8 - (3/(-6) - 0). Suppose 125 = 5*u + j, j - d = -3*u + 5*j. What is the greatest common factor of a and u?
26
Let d be ((-1)/(-2))/(-8 + 7)*-16. What is the greatest common factor of d and 8?
8
Let q = 18 + -15. Suppose 0 = -q*u + 157 + 140. What is the greatest common divisor of u and 11?
11
Let u be 339 + (-4)/(0 + -4). Let i = u + -499. Let n be 3/7 - i/21. Calculate the highest common divisor of n and 88.
8
Let u = 21 - 42. Let p = 56 + u. Let f be (15/(-25) + 1)*35. Calculate the highest common divisor of f and p.
7
Let s be (-1 - (-92)/(-16))*1*-4. What is the greatest common divisor of s and 18?
9
Suppose 0 = -2*l + l + 480. Calculate the highest common factor of l and 32.
32
Suppose 9*b - 150 = 30. Suppose 0 = 4*c + 4*y - 52 - b, 4*c - 5*y = 72. What is the highest common factor of c and 45?
9
Let g be -1*5 - (-19)/((-152)/16). Let b(r) = -6*r - 2. Let p be b(-2). Let v be (12 + g)*6/p. What is the greatest common factor of v and 2?
1
Let m = 280 - 160. Suppose 2778 = 39*c - 342. Calculate the highest common factor of m and c.
40
Suppose 261 = 3*y + 3*n, -9*y + 6*y + 263 = 5*n. What is the greatest common factor of 4 and y?
2
Suppose 5*j + 10 = -5*t, 80*t - 79*t + 42 = -5*j. Suppose 4*u - 536 - 304 = 0. Let l = u + -138. What is the highest common divisor of t and l?
8
Let s(y) = -2*y**3 - 9*y**2 - 13*y - 10. Let m be s(-6). Calculate the greatest common factor of 968 and m.
88
Let y be ((-113652)/(-60))/7 + (-3)/5. Calculate the highest common factor of 20 and y.
10
Suppose 13*f - 27 = 10*f. Suppose -3*p = -6*p - f. Let i be (-4*2)/(1/p). Calculate the highest common divisor of i and 6.
6
Let g = 5808 + -5799. Let c be 18/4 + 2/(-4). Suppose 5*r - 372 = -4*s, -3*s + 273 = c*r - 8*s. Calculate the greatest common factor of g and r.
9
Let f(h) = -2*h + 5. Let r(y) = 2*y + 4. Let v = 10 - 14. Let l be r(v). Let u be f(l). What is the greatest common divisor of u and 39?
13
Let t be -35*(-2)/(-4)*(-8)/(-5). Let o = 39 + t. Calculate the greatest common divisor of o and 99.
11
Let a(l) = -15*l + 208. Let f be a(13). Let m = 92 + 44. Suppose 5*q - m = 3*q - 3*j, 0 = -3*q + 4*j + 187. Calculate the highest common divisor of q and f.
13
Let d(j) = -6*j - 33 - 2*j + 1 + 3*j. Let q be d(-19). What is the greatest common factor of q and 21?
21
Suppose -2*g + 80 = -4*u, -4*g = g + 2*u - 152. What is the greatest common factor of 2 and g?
2
Suppose -1596 = -24*s + 12*s. What is the highest common divisor of 57 and s?
19
Let t(h) = h + 196. Let r be t(39). Calculate the highest common factor of 141 and r.
47
Suppose -5*r + 4*w + 10 = 0, 2*r + w + 4*w - 37 = 0. What is the greatest common divisor of r and 102?
6
Suppose 8*k = 6*k + 78. Suppose 4*r - r - k = 0. What is the highest common factor of 91 and r?
13
Let k be -1 - (-31 + -9 + -2 + 7). Calculate the greatest common factor of k and 459.
17
Suppose -12 = -3*v + 27. Suppose -36 = 10*j - v*j. Let l(g) = -18*g + 6. Let t be l(-5). What is the highest common factor of t and j?
12
Suppose 2*r - 4*r + 12 = -5*j, -4*j - 16 = 0. Let w = 8 - r. Suppose 0 = -5*x, -2*k + 36 = k + 3*x. Calculate the highest common divisor of w and k.
12
Let s = -16 - -22. Suppose 0 = -4*l + 5*r - 13, 2*r - 6 = -l + 7. Calculate the greatest common divisor of s and l.
3
Suppose 0 = 2*x - z - 133, z - 89 = -x - 24. Suppose -8*s = -57 + 9. Suppose 12 = r + s. What is the highest common divisor of x and r?
6
Let y be 114/10 + 10/(-25). Suppose y*k - 6*k = 500. What is the highest common factor of 20 and k?
20
Let i(n) = 2*n**2 + 33*n + 195. Let j be i(-7). What is the highest common factor of j and 992?
62
Suppose 8*q - 26*q + 180 = 0. Calculate the highest common divisor of q and 10.
10
Let m(r) = 219*r - 77. Let x be m(1). Calculate the greatest common factor of 6 and x.
2
Suppose 0 = 5*v + 5, -2*x - 4*v + 19 = -17. Let u be 3 - (-11 - -10 - 18*2). Calculate the greatest common divisor of x and u.
20
Suppose -27*g + 10*g = -4896. What is the highest common divisor of g and 360?
72
Let r(c) = -246*c + 1250. Let m be r(5). Let s(a) = 17*a + 2. Let h be s(4). Calculate the greatest common factor of h and m.
10
Suppose 3*s - a = a + 71, 4*s = -a + 80. Suppose -14*f - 42 = -17*f + 4*n, 5*n = 0. Calculate the highest common factor of s and f.
7
Let l(u) = -u**2 - 9*u + 213. Let a be l(10). Let v be (-25 + 2)*-1*4. Calculate the greatest common factor of v and a.
23
Let f be 2 - (-2)/((-2)/(-11)). Suppose -5*c = 2 + f. Let m be (c - -1) + 30 + 6. Calculate the greatest common factor of m and 51.
17
Let r be 2/5*(-5)/(-1). Let t be 7548/476 - (-2)/14. What is the highest common divisor of r and t?
2
Suppose -a = -m + 3*a + 48, -2*m + 2*a + 78 = 0. Let y be (-36)/16*(3 + 0 + -7). Calculate the highest common divisor of m and y.
9
Suppose -4*i - 4*l = -7 - 277, i = 2*l + 71. What is the greatest common factor of i and 1136?
71
Suppose 10 = -g + 3*h, g - 1237*h + 15 = -1233*h. Let y be ((-55)/(-4))/((-2)/(-8)). What is the highest common divisor of g and y?
5
Let i be (-1242)/(-27) + (1 - -7). Calculate the highest common factor of 108 and i.
54
Let h(y) = 2*y**3 + 5*y**2 - 4*y - 4. Let z be h(2). Let o = 4 + -6. Let k be o - (3 + -2 - 267). Calculate the greatest common divisor of z and k.
24
Suppose -36*q + q = -9800. What is the highest common divisor of 35 and q?
35
Let u = -183 + 263. Let p = -77 + u. Let g be (-22)/(-4)*(0 + 6). Calculate the greatest common factor of g and p.
3
Let z = -40 + 152. What is the highest common factor of z and 140?
28
Let f be (-1)/6 - (-3 - 147/18). What is the greatest common divisor of 99 and f?
11
Suppose -4 = 3*v - 1. Let w be ((-1)/v - 3)/(-2). Let k be -1*((-60)/8 + (-9)/6). What is the highest common factor of w and k?
1
Suppose -2*z + 307 = 5*x, -2*x - 3*z = -5*z - 120. What is the highest common divisor of x and 1037?
61
Suppose -2*a + 74 = 5*k, 2*k + 0*a = 4*a + 20. Suppose 9*i + 125 = k*i. Calculate the highest common factor of 75 and i.
25
Let u be -2*2/((-12)/(-51)). Let v = 81 - u. What is the greatest common factor of 245 and v?
49
Let r = 154 + -90. Suppose -3*d + q + 26 = 0, 0 = -3*d - q + 24 - 2. Calculate the greatest common divisor of d and r.
8
Let p = -293 + 346. Calculate the greatest common divisor of 848 and p.
53
Let d(n) = n**2 - 12*n + 12. Suppose -x = -2*b - 8, 2*x + 4*b = -5 + 45. Let r be d(x). What is the greatest common factor of 24 and r?
8
Let o be (-357)/119 + 1*64. Calculate the greatest common divisor of o and 1.
1
Suppose -12 - 60 = -3*f. Suppose 0 = -5*v - 4*i + 82, -5*v - 2*i + 80 = 3*i. What is the highest common divisor of f and v?
6
Suppose -13*q + 168 = -7*q. Calculate the greatest common divisor of 378 and q.
14
Suppose 2*y - 5*y = -3. Let a be ((-4)/6)/(2*y/(-150)). What is the highest common factor of 75 and a?
25
Suppose -4*z + 4*y = -44, -y - 7 + 44 = 5*z. Suppose 2*o = -z, 4*u - 6*o - 52 = -3*o. W